ds digit of q?
1
Let v(r) = -610*r + 8351. What is the tens digit of v(-50)?
5
Let w(i) = -149*i + 4. Let z be w(-2). Let x = -142 + z. What is the tens digit of ((-46)/(-10) + -1)*x/6?
9
Let d = 9422 + -1282. What is the units digit of d?
0
Let v(y) be the first derivative of 7*y**4/2 - y**3/3 - y**2 - y - 24. What is the units digit of v(3)?
2
Let p(f) = -45*f - 49*f + 97*f - 42*f + 33. What is the hundreds digit of p(-5)?
2
Let q(m) = 4*m + 115. Let g be q(-6). Let p = 208 - g. What is the tens digit of p?
1
Suppose j + 4*l = 572, -4*j + 2456 - 252 = -5*l. Let b = j + 383. What is the units digit of b?
9
Suppose -29*n + 27*n = -30. Suppose n*r - 4116 = -4*o + 10*r, 5*o - 5136 = -4*r. What is the units digit of o?
4
Let b(m) = 19*m**2 + 77*m + 8. Let f be b(-4). Suppose 72 = f*a - 4*s, -s = 3*a + 4*s - 86. What is the units digit of a?
2
Suppose -13*v = -2*v + 9*v - 169640. What is the tens digit of v?
8
Let f = 44331 + -24932. What is the tens digit of f?
9
Let z(i) = i**3 + 41*i**2 + 318*i - 36. What is the hundreds digit of z(-24)?
1
Suppose -46*z + 44*z = -2*h + 24358, 0 = 2*h - z - 24360. What is the tens digit of h?
8
Let f be 618/(-16) - 12/32. Let r = f - -41. Suppose 3*b - 4*b + 228 = r*z, -1092 = -5*b + 2*z. What is the hundreds digit of b?
2
Let t = -933 + 1552. Let u = t + -371. Suppose 3*l - 2*g - 3*g = 238, 5*g = -3*l + u. What is the units digit of l?
1
Let t(s) = 2*s**2 + 13*s + 1. Let y be t(-7). Suppose -344 = 7*i - y. Let v = -43 - i. What is the units digit of v?
5
Let l be 1/(-3 + (-14)/(-4)). Suppose 4*m = 5*h + 41, -2*m + 4*h = l*m - 36. Suppose 0*s - 312 = -m*s. What is the tens digit of s?
7
Let t = 100 - 100. Suppose -5*q + 3*r + 352 + 154 = t, 0 = q + 2*r - 96. What is the tens digit of q?
0
Let k(d) = 47*d**2 - 1. Let p be -5*(20 + 3) + -2 + -2. Let c = -118 - p. What is the tens digit of k(c)?
4
Let n = 582 - 594. What is the hundreds digit of 6 - 1110*(2 + 42/n)?
6
Suppose 4*h - 35540 = -g, -5*g + 55*h = 59*h - 177588. What is the units digit of g?
2
Let x = 132 - 129. Suppose 0 = -5*r + 2*p + 5209, -x*r = -4*p + 8*p - 3115. What is the units digit of r?
1
Suppose 0 = 72*m + 24551 - 87839. What is the tens digit of m?
7
Let u = 113243 - 69610. What is the units digit of u?
3
Suppose -4*k - 5*k = -27. Suppose a - 6 = 6*a + 2*s, -k*s = a + 9. Suppose -5*n + 281 + 39 = a. What is the tens digit of n?
6
Suppose 63*i + 116890 = 67*i - 3*s, 3*s + 58448 = 2*i. What is the ten thousands digit of i?
2
Suppose -2*w + 151434 - 8374 = 3*w. What is the units digit of w?
2
Let v = -7374 - -12296. What is the thousands digit of v?
4
Let o(n) = 34*n - 31. Let t(k) = k**2 - 35*k + 32. Let f(y) = -3*o(y) - 2*t(y). Let g(d) be the first derivative of f(d). What is the tens digit of g(-13)?
2
Let y(w) = -2*w + 20. Let n be y(10). Suppose n = d + 1, 4*r + 0*d = d + 17. What is the tens digit of (-20)/(r - 0) + 117?
1
Let p(m) = -3*m**2 - 11*m + 7. Suppose 0 = -5*b + 20, 2*b = 3*k + 3*b + 20. Let y be p(k). Let v = 32 - y. What is the units digit of v?
9
What is the tens digit of (-268)/804*(-2670 + 0)?
9
Suppose 39 = 7*j + 18. Suppose -1585 = -j*x - 2*x. What is the tens digit of x?
1
Suppose 3*x + 2*x = m, 29 = 5*m + 4*x. What is the tens digit of 2/m - 1103/(-5)?
2
Suppose 16*a = -18*a - 25*a + 631123. What is the hundreds digit of a?
6
Suppose 0 = -2*b - 0*b + 5*h + 5, -6 = -2*b + 4*h. Suppose 2*k = 5*s - 888 + 2302, 0 = -b*k - s + 3562. What is the tens digit of k?
1
Let c(d) = -20*d - 6. Let i be c(2). Let g = -42 - i. Suppose g*q + 4*u = 2*q + 190, 0 = 5*u + 5. What is the tens digit of q?
9
Suppose z = -z - 3*g + 148, 2*g = 0. Suppose -z*b = -76*b + 200. What is the tens digit of b?
0
Let b(o) = 2*o**2 + 9*o. Let p be b(-14). Let c = 549 - p. What is the units digit of c?
3
Suppose 2*f + c + 22 = 0, 7*c = 3*f + 8*c + 34. Let q(a) = -a**2 - 19*a + 7. What is the units digit of q(f)?
1
Let w = 94022 - 52763. What is the tens digit of w?
5
Let z(j) = 282*j**2 + 0*j - 17 - 2*j - 281*j**2 - 2*j. Let k be z(7). Suppose 28 - 132 = -k*w. What is the tens digit of w?
2
Let t = 2674 + -1518. What is the hundreds digit of t?
1
Let h be (-5)/(-10) + 2 - 21/(-14). Suppose 0 = -i + 4, 15*k = 12*k - h*i + 2173. What is the hundreds digit of k?
7
Let l = 3084 - 1968. What is the tens digit of l?
1
Let z = 106 - 106. Let q(b) = -2*b**2 + 360. What is the tens digit of q(z)?
6
Suppose -2*j + 43533 = 5*l, -90275 - 18435 = -5*j + 5*l. What is the hundreds digit of j?
7
Suppose v + 3 + 5 = 0. Let f(n) = -n**2 - 5*n + 26. Let s be f(v). Suppose -s*t + 172 = 5*i, -t = 4*i + 52 - 138. What is the tens digit of t?
8
Let c(q) = q**3 + 37*q**2 + 36*q - 73. What is the tens digit of c(-29)?
1
Let l(b) be the first derivative of 81*b**2 + 141*b + 38. What is the hundreds digit of l(8)?
4
Let m = -54 - -57. Suppose -4*g = z - 570, 5*z + m = -7. Suppose -g = -3*u + 37. What is the tens digit of u?
6
Suppose 10*x - 4*f + 91 = 15*x, -x = -5*f - 24. Suppose 2*w = -4*j + 2626, -x*j - 5*w = -20*j + 684. What is the tens digit of j?
5
Suppose 238*y = 233*y + 35. Suppose -3*m + y*m = -5*d + 2365, 4*d - 1892 = m. What is the hundreds digit of d?
4
Let k(q) = 1318*q - 447. What is the hundreds digit of k(5)?
1
Suppose 0 = -382*w + 375*w + 105. What is the units digit of 1015805/525 + 2/w?
5
Let k(p) = 16*p**3 - 29*p**2 + 3*p - 13. Let f(a) = 23*a**3 - 43*a**2 + 4*a - 19. Let s(h) = 5*f(h) - 7*k(h). What is the units digit of s(6)?
6
Suppose -3*z = 4*u - 2950, 4*z - 8*z + 4*u = -3896. Suppose 22*l - z = 20*l. What is the units digit of l?
9
Let a(o) = 2*o - 288 - o**2 + 8*o + 299. Let i be a(6). Suppose -5*t = 2*x - 272, -3*x + 9 + i = t. What is the tens digit of t?
5
Let q = 53737 + -33087. What is the tens digit of q?
5
Suppose -12*n + 36*n = -3*n + 1680264. What is the thousands digit of n?
2
Let r(z) = 5*z + 74. Let b be r(-10). What is the tens digit of (-202)/(-6)*432/b?
0
Suppose 27*r + 4245 = 42*r. Let q = -267 + r. What is the units digit of q?
6
What is the hundreds digit of (-10518)/5*35*132/(-693)?
0
Suppose 0*d - 10*d = 520. Let q = 62 + d. Suppose q*r - 4 = 6*r. What is the units digit of r?
1
Let f(n) = n**3 - n**2 - 2*n + 89. Suppose 10 = -0*y + y - 2*a, -3*y - 2*a = -14. Suppose 0 = y*x - 4*x. What is the tens digit of f(x)?
8
Let g(i) be the first derivative of -i**4/2 - i**3 + 5*i**2/2 - 3*i - 76. What is the units digit of g(-6)?
1
Suppose 7*y - 4*y + 2883 = -2*s, 0 = y - 4*s + 947. Let f = y + 1345. What is the units digit of f?
6
Let u(k) = 2*k**3 - 3*k**2 + 2. Let s be u(1). What is the units digit of 870 - (-2*s - (8 + -13))?
7
Let g(m) = 106*m**2 + 25*m + 2. What is the units digit of g(-2)?
6
Let y be -4 + (-84)/(-6) + -5. Suppose 18 = 4*q + y*f, -10 = -2*q - 3*f - 0. What is the units digit of q?
2
Let l(v) = -239*v - 1. Let a be l(-8). Suppose 5*y - 3169 = -4*w + w, -a = -3*y + 3*w. What is the tens digit of y?
3
Suppose -2*v = -3*d - 10954, 4*v = 2*d - 7*d + 21908. What is the hundreds digit of v?
4
Let p = -1880 + 17110. What is the hundreds digit of p?
2
Let o be (-739)/(-9) + (-60)/540. Suppose o*y = 86*y - 2372. What is the hundreds digit of y?
5
Suppose 4*b - 2*j - 54078 = 0, -30*j = 2*b - 26*j - 27014. What is the tens digit of b?
1
Let y be (-2)/7 - (-214)/14. Let a be -1 + (-10)/y*-9. Suppose -2 = -a*o + 18. What is the units digit of o?
4
Suppose 0 = 245*f - 3218947 - 2038018. What is the ten thousands digit of f?
2
Let u be 4 + -2 + -2 + 2. Let w = u - -1. Suppose 400 = w*n - 5*i, -6*n = -11*n - 4*i + 605. What is the units digit of n?
5
Let b(g) = 49*g + 96. Suppose 0 = 10*j - 26 - 54. What is the tens digit of b(j)?
8
Suppose 108*s - 100*s - 37912 = 0. What is the thousands digit of s?
4
Let q be (5/((-5)/3))/((-2)/12). Suppose -q*f = -5*f - 3640. What is the tens digit of f?
8
Suppose 2*p + q = -3*q - 12, 0 = -2*q. Let t be (3 + 3)*2/p. What is the tens digit of (2010/(-45))/(t/3)?
6
Suppose 34*y + 4*i = 30*y - 6472, -4*y = -4*i + 6448. What is the hundreds digit of 72 + -76 - y/1?
6
Suppose -j + 12*j = -22. What is the units digit of (-3)/((-3)/(-133))*(j + 1)?
3
Let q = 98 - -152. What is the hundreds digit of (2 - q/15)/(6/(-99))?
2
Let l = 1952 + -3881. Let v = -984 - l. What is the tens digit of v?
4
Suppose -3*o 